{"id":84,"date":"2007-03-24T00:14:53","date_gmt":"2007-03-23T22:14:53","guid":{"rendered":"https:\/\/foton.no-ip.com\/BLOG\/?page_id=84"},"modified":"2008-07-25T22:06:16","modified_gmt":"2008-07-25T20:06:16","slug":"tv-series","status":"publish","type":"page","link":"https:\/\/foton.szikraistvan.hu\/blog\/?page_id=84","title":{"rendered":"TV Series"},"content":{"rendered":"<p>All the TV Series you could ever imagine (well, not all but a lot \ud83d\ude42<br \/>\nDiscussion, Games, News, Actors\/Actresses\/Writers<\/p>\n<p>See:<br \/>\n<a href=\"http:\/\/foton.no-ip.com\/phpBB\/index.php\">http:\/\/foton.no-ip.com\/<\/a><\/p>\n<hr \/>\n<p>Inform\u00e1ci\u00f3 mindenf\u00e9le TV sorozattal kapcsolatban a <a href=\"http:\/\/foton.no-ip.com\/phpBB\/index.php\">f\u00f3rumon<\/a> (kedvenc sorozatok, szin\u00e9szek\/sz\u00edn\u00e9szn\u0151k\/\u00edr\u00f3k\/humorist\u00e1k, zen\u00e9k, k\u00f6nyvek&#8230;)<br \/>\nR\u00e9gebben m\u00e9g magyar TV sug\u00e1rz\u00e1si id\u0151pontok is voltak, de m\u00e1r nincs id\u0151m friss\u00edteni \ud83d\ude41 ez\u00e9rt aj\u00e1nlom a PORT.hu-t mindenkinek erre a c\u00e9lra. Ha amerikai sug\u00e1rz\u00e1si id\u0151pontokra kiv\u00e1ncsi valaki, akkor pedig az al\u00e1bbiakat:<br \/>\n<a href=\"http:\/\/epguides.com\/grid\/\">http:\/\/epguides.com\/<\/a><br \/>\n<a href=\"http:\/\/www.tvrage.com\/fullschedule.php\">http:\/\/www.tvrage.com<\/a><br \/>\n<a href=\"http:\/\/www.myepisodes.com\/\">http:\/\/www.myepisodes.com\/<\/a><\/p>\n<p>Aki magyarnyelv\u0171 le\u00edr\u00e1sokra va\u00e1gyik annak pedig a http:\/\/www.sorozatjunkie.hu\/-t tudom javasolni (b\u00e1r \u00e9n pr\u00f3b\u00e1ltam regisztr\u00e1lni, eddig nem siker\u00fclt)<\/p>\n","protected":false},"excerpt":{"rendered":"<p>All the TV Series you could ever imagine (well, not all but a lot \ud83d\ude42 Discussion, Games, News, Actors\/Actresses\/Writers See: http:\/\/foton.no-ip.com\/ Inform\u00e1ci\u00f3 mindenf\u00e9le TV sorozattal kapcsolatban a f\u00f3rumon (kedvenc sorozatok, szin\u00e9szek\/sz\u00edn\u00e9szn\u0151k\/\u00edr\u00f3k\/humorist\u00e1k, zen\u00e9k, k\u00f6nyvek&#8230;) R\u00e9gebben m\u00e9g magyar TV sug\u00e1rz\u00e1si id\u0151pontok is &hellip; <a href=\"https:\/\/foton.szikraistvan.hu\/blog\/?page_id=84\">Continue reading <span class=\"meta-nav\">&rarr;<\/span><\/a><\/p>\n","protected":false},"author":1,"featured_media":0,"parent":0,"menu_order":2,"comment_status":"open","ping_status":"open","template":"","meta":{"jetpack_post_was_ever_published":false,"footnotes":""},"class_list":["post-84","page","type-page","status-publish","hentry"],"jetpack_shortlink":"https:\/\/wp.me\/P3E7AZ-1m","jetpack_sharing_enabled":true,"_links":{"self":[{"href":"https:\/\/foton.szikraistvan.hu\/blog\/index.php?rest_route=\/wp\/v2\/pages\/84","targetHints":{"allow":["GET"]}}],"collection":[{"href":"https:\/\/foton.szikraistvan.hu\/blog\/index.php?rest_route=\/wp\/v2\/pages"}],"about":[{"href":"https:\/\/foton.szikraistvan.hu\/blog\/index.php?rest_route=\/wp\/v2\/types\/page"}],"author":[{"embeddable":true,"href":"https:\/\/foton.szikraistvan.hu\/blog\/index.php?rest_route=\/wp\/v2\/users\/1"}],"replies":[{"embeddable":true,"href":"https:\/\/foton.szikraistvan.hu\/blog\/index.php?rest_route=%2Fwp%2Fv2%2Fcomments&post=84"}],"version-history":[{"count":6,"href":"https:\/\/foton.szikraistvan.hu\/blog\/index.php?rest_route=\/wp\/v2\/pages\/84\/revisions"}],"predecessor-version":[{"id":171,"href":"https:\/\/foton.szikraistvan.hu\/blog\/index.php?rest_route=\/wp\/v2\/pages\/84\/revisions\/171"}],"wp:attachment":[{"href":"https:\/\/foton.szikraistvan.hu\/blog\/index.php?rest_route=%2Fwp%2Fv2%2Fmedia&parent=84"}],"curies":[{"name":"wp","href":"https:\/\/api.w.org\/{rel}","templated":true}]}}