{"id":83,"date":"2007-03-24T00:13:05","date_gmt":"2007-03-23T22:13:05","guid":{"rendered":"https:\/\/foton.no-ip.com\/BLOG\/?page_id=83"},"modified":"2008-07-25T22:06:42","modified_gmt":"2008-07-25T20:06:42","slug":"fun","status":"publish","type":"page","link":"https:\/\/foton.szikraistvan.hu\/blog\/?page_id=83","title":{"rendered":"Fun"},"content":{"rendered":"<p>Music, Video, Movie, TV&#8230;<\/p>\n<p>V\u00e9letlen id\u00e9zetek:<br \/>\n<script language=\"JavaScript\" type=\"text\/JavaScript\" src=\"http:\/\/www.citatum.hu\/js.php\"><\/script><a href=\"http:\/\/www.citatum.hu\" title=\"Id\u00e9zetek\" target=\"_blank\">T\u00f6bb id\u00e9zet&#8230;<\/a><\/p>\n","protected":false},"excerpt":{"rendered":"<p>Music, Video, Movie, TV&#8230; V\u00e9letlen id\u00e9zetek: T\u00f6bb id\u00e9zet&#8230;<\/p>\n","protected":false},"author":1,"featured_media":0,"parent":84,"menu_order":2,"comment_status":"open","ping_status":"open","template":"","meta":{"jetpack_post_was_ever_published":false,"footnotes":""},"class_list":["post-83","page","type-page","status-publish","hentry"],"jetpack_shortlink":"https:\/\/wp.me\/P3E7AZ-1l","jetpack_sharing_enabled":true,"_links":{"self":[{"href":"https:\/\/foton.szikraistvan.hu\/blog\/index.php?rest_route=\/wp\/v2\/pages\/83","targetHints":{"allow":["GET"]}}],"collection":[{"href":"https:\/\/foton.szikraistvan.hu\/blog\/index.php?rest_route=\/wp\/v2\/pages"}],"about":[{"href":"https:\/\/foton.szikraistvan.hu\/blog\/index.php?rest_route=\/wp\/v2\/types\/page"}],"author":[{"embeddable":true,"href":"https:\/\/foton.szikraistvan.hu\/blog\/index.php?rest_route=\/wp\/v2\/users\/1"}],"replies":[{"embeddable":true,"href":"https:\/\/foton.szikraistvan.hu\/blog\/index.php?rest_route=%2Fwp%2Fv2%2Fcomments&post=83"}],"version-history":[{"count":2,"href":"https:\/\/foton.szikraistvan.hu\/blog\/index.php?rest_route=\/wp\/v2\/pages\/83\/revisions"}],"predecessor-version":[{"id":172,"href":"https:\/\/foton.szikraistvan.hu\/blog\/index.php?rest_route=\/wp\/v2\/pages\/83\/revisions\/172"}],"up":[{"embeddable":true,"href":"https:\/\/foton.szikraistvan.hu\/blog\/index.php?rest_route=\/wp\/v2\/pages\/84"}],"wp:attachment":[{"href":"https:\/\/foton.szikraistvan.hu\/blog\/index.php?rest_route=%2Fwp%2Fv2%2Fmedia&parent=83"}],"curies":[{"name":"wp","href":"https:\/\/api.w.org\/{rel}","templated":true}]}}